h?
70
Let u be ((-80)/(-32))/((-5)/(-4)). Suppose -u*m + 19 = -21. What is the highest common factor of m and 8?
4
Let v = 2099 - 2087. Let s be (-2)/(2/4 - 1). What is the greatest common divisor of v and s?
4
Let x = -1184 + 1760. Calculate the greatest common factor of 36 and x.
36
Let j be 348*((42/(-9))/(-7) + 0). Let h = 1 + 28. What is the greatest common divisor of j and h?
29
Let z be -6*((-16)/6)/4. Let c be 2 + 92*2/z. Calculate the greatest common factor of 12 and c.
12
Let v(h) = h**3 - 2*h**2 + 2. Let r be v(2). Let k(n) = -3*n. Let b be k(r). Let p be (153/b)/(4/(-24)). What is the highest common divisor of 17 and p?
17
Let w = 2002 - 1827. What is the highest common factor of w and 10?
5
Let a(i) = 25*i**2 - 3*i + 2. Let c be a(1). Let f = c + -15. Calculate the greatest common divisor of f and 9.
9
Suppose -130*z + 114*z + 176 = 0. Let i(k) = 2*k**2 + 3*k - 3. Let d be i(2). Calculate the greatest common divisor of z and d.
11
Let h be (-14)/(-77)*21563 + 12/(-22). Calculate the highest common factor of h and 80.
80
Let n(u) = u**2 - 6*u + 9. Let w be n(3). Suppose w = -19*i + 5*i + 210. Calculate the greatest common factor of 240 and i.
15
Let o(x) = x**3 - 13*x**2 + x - 2. Let h(w) = -2*w - 17. Let s be h(-15). Let u be o(s). What is the highest common divisor of u and 22?
11
Suppose -20 + 18 = n. Let h be (-3)/n + (-39)/(-6). Suppose 13*a = h*a + 290. Calculate the highest common factor of a and 87.
29
Suppose c + 6 - 16 = -d, 4*c - 2*d - 10 = 0. Suppose -w = 4*w - 10. Suppose -5 = -t - 2*m, -3*m - w*m = 2*t - 5. Calculate the highest common factor of c and t.
5
Suppose 6*n - 2*n - j = 3, -4*n + 33 = 5*j. Suppose n*z - 133 = 119. What is the greatest common divisor of z and 18?
18
Suppose -3*h = -4*f + 18 - 190, 2*h - 114 = 3*f. What is the greatest common factor of h and 1500?
60
Let z = 88 + -83. Calculate the greatest common divisor of z and 5.
5
Let c(q) = q**3 - 13*q**2 + 5. Let m be c(13). Suppose m*f - 319 - 671 = 0. Let a = -30 + 52. What is the greatest common divisor of a and f?
22
Let m be 30/135 - 22/18 - -21. Calculate the highest common divisor of m and 260.
20
Let q be ((-20)/12)/(-1 - 22/(-24)). What is the highest common divisor of q and 260?
20
Let p be 392/((-12)/(-7) + 70/245). What is the greatest common factor of p and 56?
28
Suppose -3*j + 15 = 5*l, 4*l - 2*j + 15 = j. Suppose 5*v = -l*v. Suppose 5*n - 649 + 209 = v. What is the greatest common factor of 11 and n?
11
Let k be (-1)/((12/(-8))/3). Suppose x + 4*i = -2*x + 44, -2*x + k*i = -20. Suppose -68 = 5*a - 248. What is the greatest common factor of a and x?
12
Let x(j) = 249*j**2 - 3*j - 3. Let o be x(-2). What is the greatest common divisor of o and 37?
37
Suppose -2*q + 233 = -3*x, 364 = 3*q + x + 31. Let s(u) = -3*u**3 - 2*u**2 + 2*u + 2. Let m be s(-2). What is the greatest common factor of q and m?
14
Suppose 5*f = -q + 592 + 100, -2*f = q - 278. Suppose s - 7 = -4. Suppose -5*l - m = s*m - f, 0 = l - 2*m - 22. What is the greatest common factor of 26 and l?
26
Let y be 84/(-35)*(-45)/(-6). Let n = 54 + y. What is the highest common factor of n and 4?
4
Let h be (2/(-3))/(30/(-45)). Calculate the highest common factor of 13 and h.
1
Let w be 82/5 + (-8)/20. Let g = -1 - -18. Let q = g - 13. Calculate the greatest common factor of q and w.
4
Suppose -t - 2*l + 53 = 0, -12*l + 10*l - 10 = 0. Calculate the greatest common factor of 243 and t.
9
Suppose -5*u + 6853 - 1253 = 0. What is the greatest common factor of 35 and u?
35
Let m(c) = 3*c**2 - 9*c - 72. Let o be m(-5). What is the highest common factor of 112 and o?
16
Let j(o) = 4*o**2 - 8*o - 8. Let h be j(4). Let q be 1/(h/(-9) - -3). Let t be 2/(q*(-8)/(-12)). What is the greatest common divisor of 2 and t?
1
Let f(a) = -a**2 + 15*a - 30. Let m be f(13). Let b(g) = g**2 + 2*g + 1. Let j be b(m). What is the highest common factor of j and 72?
9
Let l = 174 + -102. Suppose l = 2*x + x. Suppose 5*j - 6 = x. What is the greatest common divisor of 4 and j?
2
Let x = -134 + 64. Let c be (-12)/30*x/4. Suppose 3*n - 140 = -n. What is the highest common factor of c and n?
7
Suppose 32*k = 22*k + 60. Calculate the highest common factor of 138 and k.
6
Let z = -76 - -76. Suppose -4*d - 4*h + 3 = -13, z = -5*h. Calculate the greatest common factor of d and 76.
4
Let k be ((-22)/55)/(((-18)/15)/3). Calculate the greatest common divisor of k and 17.
1
Suppose -38 = -4*q + 2*p, -q + 3*p = 5*p - 22. Let k = 7267 - 7039. Calculate the greatest common divisor of k and q.
12
Let b(c) = c**3 + 5*c**2 - 5*c + 16. Suppose 0 = -5*d + 3*d - 12. Let q be b(d). Calculate the highest common factor of q and 50.
10
Let d = 81 + -37. What is the highest common factor of d and 121?
11
Suppose -120 = -2*g - 3*g. Let v = 2369 - 2366. What is the greatest common factor of g and v?
3
Let s be -380*-2*(-3)/(-12). Suppose -5*t - 10 = 0, 0*f + 3*t + 210 = 2*f. Let i = s - f. Calculate the greatest common factor of 11 and i.
11
Let b(s) = -23*s + 31. Let h be b(-4). Calculate the greatest common divisor of h and 287.
41
Let r(u) = -6*u + 42. Let g be r(7). Suppose -3*x + g*x - 4*h = -256, -430 = -5*x - 5*h. What is the highest common divisor of x and 11?
11
Suppose 2*a - 165 = -49. Let t = 98 - a. What is the highest common divisor of 24 and t?
8
Let h be -192 - (-4 + 2) - -2. Let s = -89 - h. What is the greatest common divisor of s and 22?
11
Let t(w) = -23*w - 13. Let q be t(-1). Calculate the highest common divisor of q and 18.
2
Suppose 4*w - 5 = 3. Let k be 3/w + 435/10. What is the highest common divisor of k and 30?
15
Suppose -778 = 6*u - 2308. Calculate the highest common factor of 34 and u.
17
Suppose 9*v - 12*v = -3*s + 78, -4*v - 32 = -s. Calculate the highest common factor of 384 and s.
24
Suppose 5*v - 25*k + 21*k - 316 = 0, -v + k + 63 = 0. Calculate the greatest common factor of 1600 and v.
64
Suppose 8*v + 0*v - 40 = 0. Suppose v*i - 75 = -5*g, -4*i + g = 3*g - 56. What is the highest common factor of i and 117?
13
Suppose -22*d = -21*d + 2*p - 259, -d = 3*p - 261. What is the highest common divisor of 340 and d?
85
Let c(z) = -z**3 - z + 36. Let r be c(0). What is the greatest common factor of 24 and r?
12
Let o be 34 + (11 + -4 - 14). Let f be 6/9 + 2667/9. Calculate the greatest common divisor of f and o.
27
Let m be ((-136)/12)/(4/(-18)). Let j = 7 - -18. Let o = 42 - j. What is the greatest common divisor of m and o?
17
Let r = -18 - -74. Let g = -18 + 12. Let t be (4/g)/((-16)/192). What is the greatest common factor of r and t?
8
Let n(f) = -19*f - 63. Let t be n(-4). What is the greatest common divisor of 247 and t?
13
Let w = -47 - -71. Suppose 2*d - 59 = -v, 5*d + w = 2*v + 176. What is the highest common divisor of 10 and d?
10
Suppose -z = -0*z. Let s(m) = m**3 - m**2 - m + 5. Let c be s(z). Suppose 2070 = 351*a - 305*a. What is the greatest common factor of a and c?
5
Let y(q) = -q**2 + 14*q + 8. Let l be y(13). Suppose 0 = -g + 4*g - l. Calculate the greatest common factor of g and 28.
7
Suppose 3*l - 17 = 7. What is the highest common divisor of 20 and l?
4
Suppose 10 = -5*z - y - 16, -1 = y. Let j(d) = d**3 + 4*d**2 - 6*d + 3. Let s be j(z). Let w be 24/s*(-10)/(-6). What is the greatest common factor of w and 45?
5
Let z be 859 - (6 + 2 + -13). Calculate the greatest common divisor of 9 and z.
9
Suppose -15*m + 2*m + 195 = 0. Suppose -c + 3 = 0, -53 = 3*z - 8*z - c. What is the highest common divisor of m and z?
5
Suppose 0 = -3*u, -3*t - 4*u = 21 - 0. Let o be 2/t + (-120)/(-28). Let k(q) = -q**2 + 6*q + 2. Let g be k(6). What is the highest common divisor of o and g?
2
Let k(a) = -4*a + 34. Let d be k(0). Calculate the highest common factor of 374 and d.
34
Suppose -2*y + y + 77 = 0. Suppose -p - 3*k + 19 = 0, -2*k + 8 = -0*k. Calculate the highest common factor of y and p.
7
Let l = 72 - -8. Let s = -81 - -91. What is the highest common divisor of s and l?
10
Let w be 96 - (-1 - (-1 + 2)). Suppose 3*c + y - 44 = 0, 5 = -2*c + 4*y + 25. What is the highest common divisor of c and w?
14
Suppose 14*d - 8190 = -12*d. What is the greatest common divisor of d and 30?
15
Suppose -7*n - 6*i = -11*i - 146, 70 = 3*n - 4*i. Let g(x) = 26*x**2 - 2*x - 1. Let u be g(2). What is the highest common 